v**2 + 587*v + 181. Determine a(-29).
-22
Let k(h) = -h**2 - 66*h + 226. Calculate k(3).
19
Let b(u) = -25*u + 29. Calculate b(3).
-46
Let o(g) = -19*g + 81. Calculate o(5).
-14
Let a(n) = -n**3 + 38*n**2 + 345*n + 208. Determine a(-7).
-2
Let x(d) = 5*d**2 + 399*d + 700. Give x(-78).
-2
Let o(m) = 97*m - 4840. Determine o(53).
301
Let b(f) = -29*f**2 - 199*f + 21. Determine b(-7).
-7
Let d(w) = 1556*w - 12461. Give d(8).
-13
Let g(a) = -a**2 + 26*a + 294. Give g(-7).
63
Let j(f) = 3*f**2 - 1439*f + 8584. What is j(6)?
58
Let x(k) = -19*k**2 + 2380*k - 623. Determine x(125).
2
Let c(k) = 32*k - 171. Give c(4).
-43
Let q(w) = -5*w**2 - 18*w + 994. What is q(-16)?
2
Let n(g) = -3*g**2 + 44*g + 23. Give n(15).
8
Let k(g) = g**3 - 13*g**2 + 24*g + 106. Calculate k(8).
-22
Let w(s) = -113*s**2 + 5*s + 3. What is w(-1)?
-115
Let z(p) = 3*p**3 - 11*p**2 + 60*p - 152. Determine z(3).
10
Let v(o) = -55*o + 274. Determine v(-6).
604
Let a(b) = 1888*b + 3610. Calculate a(-2).
-166
Let p(o) = -65*o + 571. Calculate p(9).
-14
Let x(h) = 105*h - 7547. What is x(72)?
13
Let w(k) = 55*k - 599. Calculate w(11).
6
Let d(w) = w**2 + 19*w - 7. Give d(-23).
85
Let n(h) = -7*h**3 + 8*h**2 - 57*h + 6. Determine n(4).
-542
Let n(d) = 113*d - 504. Determine n(4).
-52
Let h(o) = -4*o**2 - 153*o - 1453. Determine h(-17).
-8
Let f(g) = 2144*g + 30016. What is f(-14)?
0
Let b(c) = 276*c**3 + c + 2. What is b(-1)?
-275
Let n(y) = -y**3 + 7*y**2 - 11*y + 11. Determine n(5).
6
Let c(h) = -43*h - 596. Calculate c(-13).
-37
Let q(h) = 3*h**2 - 79*h + 489. Give q(10).
-1
Let k(p) = -p**3 + 96*p**2 + 724*p - 305. Calculate k(103).
4
Let v(m) = -146*m**2 + m - 20. What is v(-2)?
-606
Let x(j) = -j**2 + 28*j - 29. What is x(28)?
-29
Let g(h) = h**3 - 9*h**2 + 8*h + 3. Give g(7).
-39
Let h(u) = -6*u**3 - 2*u**2 - 25. Determine h(-4).
327
Let z(c) = 209*c - 1669. What is z(8)?
3
Let k(l) = l**3 + 12*l**2 - 54*l + 127. Calculate k(-16).
-33
Let t(v) = -v**3 - 2*v**2 - 7*v - 11. Give t(-5).
99
Let h(s) = 4*s**2 - 2*s + 1. What is h(2)?
13
Let o(d) = -d**3 + 19*d**2 - 16*d - 33. Calculate o(18).
3
Let d(v) = 2*v**3 + 221*v**2 + 545*v + 535. Give d(-108).
-5
Let l(z) = -z**2 - 62*z - 380. Determine l(-57).
-95
Let o(r) = -2*r**2 - 27*r - 13. Give o(-15).
-58
Let d(t) = t**3 + 3*t**2 - 39*t + 214. Determine d(-9).
79
Let p(v) = -6*v + 193. Determine p(69).
-221
Let j(k) = -k**3 - k**2 - 3*k - 39. Calculate j(0).
-39
Let z(k) = -36*k**3 - 150*k**2 - 28*k + 25. Give z(-4).
41
Let h(p) = -3*p**2 - 75*p + 783. Determine h(8).
-9
Let w(j) = j**3 + 7*j**2 - 22*j - 15. What is w(-9)?
21
Let x(d) = 21*d**2 + 279*d + 1092. Determine x(-4).
312
Let v(x) = 4*x**3 + 205*x**2 + 53*x + 129. Calculate v(-51).
27
Let h(g) = g**3 - 6*g**2 - 15*g + 7. Give h(8).
15
Let p(u) = 122*u + 81. What is p(-1)?
-41
Let x(d) = -d**3 + 30*d**2 + 17*d - 516. Give x(30).
-6
Let q(i) = -6*i + 468. Determine q(79).
-6
Let b(g) = -8403*g + 84017. Give b(10).
-13
Let q(u) = -2*u - 240. Give q(-120).
0
Let i(c) = -2*c**3 - 90*c**2 - 869*c + 45. Calculate i(-31).
76
Let t(o) = -173*o + 5507. Determine t(32).
-29
Let a(h) = 4*h**3 + 3*h**2 + 22*h + 16. Calculate a(-3).
-131
Let x(c) = -252*c + 475. Give x(2).
-29
Let b(f) = -38*f + 577. Calculate b(16).
-31
Let z(w) = -w**2 - 3*w + 1290. Calculate z(-48).
-870
Let f(u) = 31*u + 156. Give f(-7).
-61
Let s(w) = -w**3 - 7*w**2 - 43*w + 7. Calculate s(-10).
737
Let r(q) = 5369*q + 21512. What is r(-4)?
36
Let u(o) = 3*o**2 + 55*o + 32. What is u(-24)?
440
Let s(x) = -34*x + 2547. Give s(74).
31
Let q(i) = -244*i - 2955. Calculate q(-12).
-27
Let p(l) = 230*l + 256. Calculate p(-6).
-1124
Let f(i) = -6*i**3 - 4*i**2 + 13*i + 40. Give f(-3).
127
Let n(x) = 2*x + 190. What is n(-103)?
-16
Let d(v) = 5*v**3 - 90*v**2 + 99*v - 119. Calculate d(17).
119
Let d(t) = -2*t**3 + 5*t**2 - 23*t + 107. Determine d(6).
-283
Let s(r) = -r**3 + 5*r**2 + 12*r + 4. Determine s(7).
-10
Let a(m) = -m**2 + 41*m - 41. Calculate a(1).
-1
Let k(t) = -t**3 - 79*t**2 - 164*t - 743. What is k(-77)?
27
Let y(b) = -b**3 - 4*b**2 - 9*b - 63. Give y(-4).
-27
Let g(z) = 2*z**2 + 10*z - 23. Determine g(-5).
-23
Let x(k) = -40*k**2 - 2884*k - 255. Calculate x(-72).
33
Let x(d) = 31*d**3 + 3*d + 2. Give x(-1).
-32
Let y(w) = -271*w + 4321. Determine y(16).
-15
Let l(f) = -59*f**2 - 5*f + 6. Calculate l(1).
-58
Let l(r) = 4*r**3 + 97*r**2 + 42*r + 439. Give l(-24).
7
Let c(v) = -9*v**2 + 67*v + 39. Calculate c(9).
-87
Let b(l) = l**3 - 11*l - 11. Calculate b(4).
9
Let m(p) = 12*p**3 - 8*p**2 + 17*p - 97. Calculate m(4).
611
Let j(h) = -h**2 + 369*h - 9860. Determine j(29).
0
Let o(d) = -11*d**2 + 738*d - 65. Calculate o(67).
2
Let r(g) = -1121*g + 5. Give r(0).
5
Let h(x) = -x**2 + 25*x + 67. Calculate h(20).
167
Let b(i) = 105*i + 542. Give b(-5).
17
Let q(p) = -p**3 + 5*p**2 + 24*p - 7. Determine q(8).
-7
Let x(n) = n**2 - 339*n + 667. Give x(337).
-7
Let o(q) = -2*q**2 + 18*q + 353. Determine o(-13).
-219
Let j(w) = 50*w**3 + w**2 - 8*w + 3. Give j(-2).
-377
Let i(t) = t**3 - 25*t**2 + 51*t - 118. Determine i(23).
-3
Let o(x) = 62*x**2 + 623*x - 32. Calculate o(-10).
-62
Let n(t) = -1050*t + 88194. Give n(84).
-6
Let j(d) = -d**3 + 303*d**2 + 911*d + 2143. Calculate j(306).
1
Let a(i) = 4*i**2 + 445*i + 683. Calculate a(-110).
133
Let t(i) = 136*i - 372. Determine t(3).
36
Let t(w) = -w**3 + 5*w**2 + w - 112. Give t(0).
-112
Let w(k) = k**3 + 21*k**2 - 2*k - 40. What is w(-21)?
2
Let f(v) = v**2 - 115*v - 1803. What is f(-14)?
3
Let h(v) = -129*v**2 + 1552*v + 5. Give h(12).
53
Let v(u) = u**3 - 21*u**2 + 2*u. Calculate v(7).
-672
Let h(y) = 3*y**2 + 144*y + 395. What is h(-45)?
-10
Let m(n) = n**3 - 23*n**2 + 13*n - 15. Determine m(22).
-213
Let t(b) = -25*b + 200. Give t(8).
0
Let k(c) = c**3 + 85*c**2 - 1278*c - 385. What is k(-98)?
7
Let t(m) = m**3 + 67*m**2 + 617*m - 2362. Calculate t(-55).
3
Let m(d) = -5*d**2 - 91*d - 98. What is m(-17)?
4
Let w(b) = -18*b - 479. Give w(-28).
25
Let y(p) = -p**3 - 216*p**2 - 323*p + 22444. What is y(-214)?
-26
Let r(x) = 2*x**2 + 18*x - 33. Determine r(3).
39
Let s(l) = 77*l - 516. Determine s(7).
23
Let c(y) = -4*y**2 - 11*y + 252. What is c(-11)?
-111
Let x(l) = -l**2 + 26*l - 46. What is x(20)?
74
Let v(j) = -944*j - 39670. What is v(-42)?
-22
Let q(v) = 4*v**2 + 19*v - 53. Determine q(4).
87
Let t(x) = -x**3 - 42*x**2 + 472*x + 696. What is t(-51)?
33
Let a(c) = -57*c + 1570. Calculate a(29).
-83
Let q(i) = 8*i**2 - 1438*i - 6251. Give q(184).
5
Let o(z) = -z**3 + 109*z**2 + 90*z + 2202. Give o(110).
2
Let v(i) = 223*i + 3416. Give v(-16).
-152
Let v(p) = -74*p - 819. Determine v(-14).
217
Let m(p) = 98*p - 806. Give m(8).
-22
Let h(b) = 30*b - 240. What is h(19)?
330
Let x(y) = y**3 + 7*y**2 + 21*y + 124. Calculate x(-7).
-23
Let o(b) = 7*b**2 - 337*b + 65. Calculate o(48).
17
Let v(y) = y**3 + 26*y**2 + 135*y + 4. Give v(-18).
166
Let a(n) = -n**3 + 2*n**2 + 37*n + 69. Give a(-5).
59
Let f(c) = 185*c**2 - 2590*c + 3. Determine f(14).
3
Let o(v) = 20*v - 1524. Give o(76).
-4
Let q(h) = -h**3 - 39*h**2 - 351*h - 38. Give q(-25).
-13
Let x(g) = 3086*g - 9263. Give x(3).
-5
Let a(c) = -c**3 - 6*c**2 - 67*c - 301. Give a(-5).
9
Let x(g) = -g**3 - 8*g**2 - 21*g - 46. Determine x(-6).
8
Let h(f) = f**2 - 3644*f - 6. What is h(0)?
-6
Let p(b) = 37*b - 288. Calculate p(7).
-29
Let x(c) = -307*c + 1228. Calculate x(4).
0
Let d(o) = -2*o**2 - 24*o + 263. Calculate d(-19).
-3
Let t(p) = -212*p + 6360. Give t(30).
0
Let v(w) = 501*w - 15039. Give v(30).
-9
Let c(w) = -40*w + 572. Determine c(17).
-108
Let t(v) = 107*v + 269. Give t(-2).
55
Let x(g) = 15*g**2 - 9*g - 21. Calculate x(-6).
573
Let i(f) = 4*f - 49. Give i(0).
-49
Let f(z) = 115*z - 477. Determine f(4).
-17
Let i(u) = u**2 - 34*u - 26. Give i(35).
9
Let l(m) = -52*m + 3060. Give l(59).
-8
Let k(u) = u**3 - u**2 - 115*u - 227. What is k(12)?
-23
Let n(y) = y**3 + 22*y**2 + 147*y + 1051. Determine n(-17).
-3
Let j(c) = 2*c**2 + 37*c + 128. Calculate j(-14).
2
Let x(i) = i**3 + 23*i**2 - 370*i + 143. Give x(-34).
7
Let u(c) = 105*c + 29190. Give u(-278).
0
Let h(p) = -25*p - 156. What is h(4)?
-256
Let p(b) = -20*b**2 - 537*b + 82. What is p(-27)?
1
Let p(v) = -v**3 + 4*v**2 + 82*v - 430. Determine p(7).
-3
Let y(